= -u. What is the units digit of a?
3
Let d = 35 - 22. Suppose -23 = -2*u - d. Suppose 2*j = u*m - 56 - 25, j + 15 = m. What is the units digit of m?
7
Let t = -29269 + 56537. What is the ten thousands digit of t?
2
Suppose 5*s - 39905 = -2*d, 3*d - 59861 = 10*s - 17*s. What is the thousands digit of d?
9
Let z = 14855 + -14004. What is the hundreds digit of z?
8
What is the hundreds digit of 8 + (-7)/((-14)/6904)?
4
Let m(v) be the first derivative of v**3/3 + v**2/2 + v - 1. Let o(g) = -2*g**2 - g - 2. Let c(u) = -m(u) - o(u). What is the units digit of c(-9)?
2
Let y = -143 + -280. Let h = 750 + y. What is the hundreds digit of h?
3
Suppose -v - 32485 = -5*i, 795 + 5702 = i - 3*v. What is the thousands digit of i?
6
Let j be 8/6*(-5 - -4 - -4). Suppose 190 = r + 4*z, -j*r = -z - 3*z - 820. What is the tens digit of r?
0
What is the hundreds digit of (-1 - (-138495)/5) + 5/((-50)/60)?
6
Suppose -4*u = -8*c + 3*c - 41, 2*c + 6 = -u. Suppose -2*q - 4*d = -728, 7*q - 1750 = 2*q + u*d. What is the tens digit of q?
5
Let n = 8 - -22. Suppose 24*w - 19*w - n = 0. Suppose -w*g + 191 + 109 = 0. What is the tens digit of g?
5
Let q = -56015 + 81296. What is the hundreds digit of q?
2
Suppose -7*n = 77*n - 5057304. What is the ten thousands digit of n?
6
Let o = 2 - -39. Let k = -21 + o. Suppose 0 = 24*l - k*l - 196. What is the units digit of l?
9
Suppose -6*i + 15 = -9. Suppose 6*c - s = i*c + 206, -505 = -5*c + 5*s. Let k = c + -60. What is the tens digit of k?
4
Suppose -2*d + 0*d = -4*o + 302, -3*d + 4*o = 443. Let q = d - -333. What is the tens digit of q?
9
Let v be (-9)/(126/(-49))*-598. Let a = v + 3583. What is the tens digit of a?
9
Let p = 105 + -102. What is the units digit of 1 - 2 - (-1035)/p?
4
Let s(m) = 12*m + 21. Let a = -4 + 12. Let i be s(a). Suppose i = 7*o - 149. What is the tens digit of o?
3
Let o(l) = -145*l**3 - 9*l**2 - 57*l - 251. What is the hundreds digit of o(-6)?
0
Suppose 24*v = -31*v + 1105610. What is the thousands digit of v?
0
What is the thousands digit of (91430/(-28) - 26/455*-15)*-2?
6
Suppose -8 = s + 6. Let x be (-4)/(-3)*(s - -215). Suppose 5*q = -4*o + x, -5*o + 2*q + 302 = -0*o. What is the tens digit of o?
6
Let n be 0*(-11)/55 - (0 - -15). What is the units digit of (-33468)/(-30) - 6/n?
6
Let j be ((-5)/20 + (-42)/(-8))*-1. Let s(z) = z**3 + 8*z**2 + 4*z + 3. What is the tens digit of s(j)?
5
Suppose 0 = 2*w + 1 - 5. Suppose f - 1334 = -3*b, b = -f + w*f + 450. Suppose 2*m = -n - 0*n + 110, -4*n - 5*m + b = 0. What is the hundreds digit of n?
1
What is the units digit of (4/(-16))/(2/(-32)) - -9081?
5
Let s(u) = 4*u**2 - 30*u - 18. Let m be s(7). What is the hundreds digit of (-607088)/(-285) + 2 + m/15?
1
Let w = -35 - -35. Suppose w = -7*a + a + 1740. What is the hundreds digit of a?
2
Let v = -20449 + 35778. What is the ten thousands digit of v?
1
Suppose 4*x = 2*x + 7584. Let n be ((-11560)/(-3757))/(2/13). What is the hundreds digit of (x/n - -3) + (-4)/(-10)?
1
Let i = 21203 + -4442. What is the ten thousands digit of i?
1
What is the thousands digit of ((-6348)/(-3))/((-9 - 0)/(-9))?
2
What is the thousands digit of (-18)/(-72) - (2/(-5))/(16/655430)?
6
Let v = 71 + -48. Let n = v - 22. What is the tens digit of (-13)/(-2)*(n - -19)?
3
Suppose 0 = -3*v + 5*l + 5304, 2*v = -4*l - 134 + 3670. What is the tens digit of v?
6
Let g(l) = l**3 - 37*l**2 - 35*l - 92. Suppose 0 = -206*x + 207*x - 38. What is the tens digit of g(x)?
2
Suppose 0 = 139*n - 120*n + 1520. What is the hundreds digit of 8/(n/(-4850)) - -9?
4
Suppose -206505 = -18*f + 2464 - 8359. What is the hundreds digit of f?
1
Let r(w) = -3*w**3 - 28*w**2 + 16*w + 394. What is the thousands digit of r(-19)?
0
Let j = 404 - 355. What is the tens digit of ((-56)/8 - j)/(-1)?
5
Suppose 31*n - 38 = 33*n. What is the units digit of (n/(-4))/(2/144)?
2
Suppose 3 = -5*g - 4*q + 861, -4*g + 4*q = -708. Let n(w) = 31*w + 1. Let c be n(-3). Let j = g + c. What is the tens digit of j?
8
Let u(z) = 166*z**3 + 22*z**2 - 3*z + 16. What is the thousands digit of u(4)?
0
Let r = -67 - -71. Let p(j) = j**2 - 3*j - 4. Let t be p(r). Suppose 0 = 5*n - t*n - 70. What is the tens digit of n?
1
Suppose -2*g + 11013 = l - 16159, -l = -g + 13580. What is the hundreds digit of g?
5
Let g(q) be the second derivative of 26*q + 25/2*q**2 + 0 - 31/6*q**3. What is the hundreds digit of g(-5)?
1
Let j(g) = 24 + 25 - 48 + 4*g. Let s be j(5). Let i = s + 47. What is the units digit of i?
8
Let c be (-3744)/80*(-25)/2. Let n = c - 241. What is the units digit of n?
4
Suppose 5*j = -2*a + 14322, -3*a + 2458 + 422 = j. What is the units digit of j?
2
What is the thousands digit of (-5)/(110/(-548834)) - (-3)/(-1)?
4
Let y(n) = 105*n + 8686. What is the hundreds digit of y(34)?
2
Let x be (4/14)/(9/252). Suppose -x*d + 1040 = -6*d + 2*p, -2095 = -4*d + p. What is the hundreds digit of d?
5
Let p be 69/(-2)*(-26)/(-39). Let b(c) = -c**2 - 26*c + 4. What is the tens digit of b(p)?
7
Let i = -48 - -708. Suppose -9*a = -14*a - i. Let h = -35 - a. What is the tens digit of h?
9
Suppose -2*z = 2*c - 234, 243 = c + c + 5*z. Suppose 2*k + k = c. Suppose -33*w - 85 = -k*w. What is the units digit of w?
7
Let x = 74974 + -11319. What is the thousands digit of x?
3
Suppose 0 = -6*v + 24 - 6. What is the hundreds digit of 973 - v/(0 - 18/(-12))?
9
Let d = 58574 - 7550. What is the units digit of d?
4
What is the tens digit of 432/288*(-67364)/(-6)?
4
Let t = -17103 - -32961. What is the ten thousands digit of t?
1
Suppose 0 = 10*f - 3113 - 587. Suppose -113*g + f = -111*g. What is the tens digit of g?
8
What is the hundreds digit of (-3)/7 + 5 + 137559/21?
5
Suppose 32*l + 12150 = -5834. Let u = l + 738. What is the tens digit of u?
7
Let z = -143 - -277. Suppose l + z + 19 = 0. Let t = l + 215. What is the tens digit of t?
6
Let c(x) = -x**2 - 10*x - 13. Let y be c(-9). Let b be 205/25*y*-5. Suppose 5*f + 3*q - 15 = b, q - 3 = 0. What is the units digit of f?
4
Suppose -24 = 24*x - 28*x. Let f(c) = -c**3 + 7*c**2 - 6*c - 3. Let a be f(x). What is the hundreds digit of 240/(-1 + a - (-25)/5)?
2
Let y = -50 - -48. What is the tens digit of (1 + 14)*(3760/(-25))/y?
2
Suppose 0 = 3*o + 4*b - 479, -5*o - 2*b = -469 - 320. Suppose -o = 3*s + 4*d, d - 7 = -4*s - 199. Let m = s + 252. What is the tens digit of m?
0
Let c(j) be the first derivative of 23*j**3/3 - 3*j**2/2 - 11*j - 103. What is the tens digit of c(-4)?
6
Let i(t) = 2*t**3 - 13*t**2 - 3*t - 25. Let p be i(7). Suppose 61*z - 57*z + p*v - 7443 = 0, 0 = -4*z + 5*v + 7467. What is the hundreds digit of z?
8
Suppose 6*z - 7*z + 101634 = 25*z. What is the tens digit of z?
0
Let c(b) = -15*b + 35*b - 18 + 0*b**2 - 24*b + 3*b**2. What is the hundreds digit of c(-11)?
3
Let m = 43 - 25. Suppose -m*f = -6*f - 768. Let d = f + -3. What is the units digit of d?
1
Suppose 34*l - 38*l - 3*y = -64202, 0 = -5*y + 30. What is the thousands digit of l?
6
Suppose -296*b - 178770 = -326*b. What is the tens digit of b?
5
Let h = 1222 - -930. What is the units digit of h?
2
Let z(m) = m**2 + 8*m + 2. Suppose -2*j = -2*p - 18, 4*p + 8 = 5*j - 29. Let w be z(p). What is the tens digit of w/(-4*(-3)/174)?
2
Let d = -117 - -120. Suppose 0 = 4*f - 4*h - 548, 7*h + 419 = d*f + 2*h. What is the units digit of f?
3
Let o be (-2)/3 - (4916/(-12) + 3). Let j = 32 + o. What is the hundreds digit of j?
4
Let b(j) be the second derivative of j**4/4 - j**3/3 + j**2 + j - 55. What is the units digit of b(12)?
0
Let t(j) = -9*j + 5*j**3 - 4*j**3 + 3*j**2 - j - 8 + 7*j. What is the units digit of t(3)?
7
Let f(k) = -310*k - 197. What is the hundreds digit of f(-10)?
9
Suppose -130 = 10*w - 160. Suppose -2*y + 273 = w*k - 1279, 6 = 3*y. What is the hundreds digit of k?
5
Let y(u) = -74*u**3 - 13*u**2 + 6*u + 9. Let x = 50 + -53. What is the thousands digit of y(x)?
1
Suppose 4*l + 31360 = 2*y, 364*y - 365*y + 4*l = -15688. What is the tens digit of y?
7
Suppose -393*x + 390*x = 24, 0 = -2*a - 3*x + 80492. What is the ten thousands digit of a?
4
Let q = -499 + 499. Suppose -5*a + 2956 = 5*b + 936, -3*b - 2*a + 1210 = q. What is the units digit of b?
2
Suppose 39*a = 50*a - 71412. What is the units digit of a?
2
Let z(u) = 1236*u - 5631. What is the thousands digit of